{"id":12421,"date":"2023-03-24T15:51:46","date_gmt":"2023-03-24T13:51:46","guid":{"rendered":"https:\/?post_type=mec-events&#038;p=12421"},"modified":"2023-04-28T12:46:46","modified_gmt":"2023-04-28T09:46:46","slug":"seminaras-saviorganizacija-pagal-baskus-organizacijos-ne-valdymo-modelis","status":"publish","type":"mec-events","link":"https:\/\/vaa.lt\/en\/renginiai\/seminaras-saviorganizacija-pagal-baskus-organizacijos-ne-valdymo-modelis\/","title":{"rendered":"Seminaras:  Saviorganizacija pagal Baskus \u2013 organizacijos ne-valdymo modelis"},"content":{"rendered":"<div class=\"wpb-content-wrapper\"><div class=\"vc_row wpb_row row top-row wpb_custom_034b39d9bc6c6b310d69e39f0ccf274f\"><div class=\"vc_column_container col-md-12\"><div class=\"wpb_wrapper vc_column-inner\">\r\n\t<div class=\"wpb_text_column wpb_content_element wpb_custom_7c91d232724f73626cc933bd95b25ff0\" >\r\n\t\t<div class=\"wpb_wrapper\">\r\n\t\t\t<p style=\"text-align: justify;\"><span style=\"color: #333333; font-size: 17px;\"><strong>Seminaro apra\u0161ymas<\/strong><\/span><\/p>\n<p style=\"text-align: justify;\"><span style=\"font-size: 17px;\">Vidaus auditori\u0173 kvalifikacini\u0173 mokym\u0173 metu kalbame apie \u012fvairius organizacij\u0173 valdymo modelius: hierarchin\u012f, funkcin\u012f, horizontal\u0173, matricin\u012f, procesin\u012f ir kitus. Aptarkime dar vien\u0105 model\u012f \u2013\u00a0saviorganizacij\u0105, kur gr\u012f\u017etama \u012f suaugusi\u0173 \u017emoni\u0173 santykius tarp darbuotoj\u0173 ir vadov\u0173, apie i\u0161 toki\u0173 santyki\u0173 i\u0161augan\u010dias stabilias ir tvarias organizacijas. Daugiau:\u00a0<a href=\"https:\/\/baskumetodas.lt\/\" target=\"_blank\" rel=\"noopener noreferrer\">https:\/\/baskumetodas.lt<\/a><\/span><\/p>\n<p style=\"text-align: justify;\"><span style=\"font-size: 17px;\"><strong>Prane\u0161\u0117ja<\/strong>:\u00a0<em><strong>Lina \u0160leinotaite-Kal\u0117d\u0117<\/strong><\/em>,\u00a0Gyv\u0173 organizacij\u0173 ir sistem\u0173 fasilitator\u0117 | Tvaraus ir regeneratyvaus verslo praktik\u0117<\/span><\/p>\n<p style=\"text-align: justify;\"><span style=\"font-size: 17px;\"><strong>Data<\/strong>:\u00a02023 m. baland\u017eio 28\u00a0d.<\/span><\/p>\n<p style=\"text-align: justify;\"><span style=\"font-size: 17px;\"><strong>Laikas<\/strong>: 15-16\u00a0val. (1\u00a0val.)<\/span><\/p>\n<p style=\"text-align: justify;\"><span style=\"font-size: 17px;\"><strong>Vieta<\/strong>: Zoom platforma<\/span><\/p>\n<p style=\"text-align: justify;\"><span style=\"font-size: 17px;\"><strong>CPE<\/strong>: u\u017e dalyvavim\u0105 visame renginyje suteikima\u00a01\u00a0CPE<\/span><\/p>\n<p style=\"text-align: justify;\"><span style=\"font-size: 17px;\"><em><strong>Dalyvavimas nemokamas VAA nariams (u\u017epildykite registracijos anket\u0105), o ne nariams taikomas 20 Eur administracini\u0173 i\u0161laid\u0173 mokestis (bilietai \u017eemiau).<\/strong><\/em><\/span><\/p>\n<p style=\"text-align: justify;\"><span style=\"font-size: 17px;\">Kilus organizaciniams klausimams, ra\u0161ykite\u00a0<a href=\"mailto:administravimas@\" rel=\"noreferrer\">administravimas@<\/a><\/span><\/p>\n\r\n\t\t<\/div>\r\n\t<\/div>\r\n<div class=\"vc_row wpb_row vc_inner row\"><div class=\"vc_column_container col-md-12\"><div class=\"wpb_wrapper vc_column-inner\"><div class=\"vc_empty_space\"   style=\"height: 0px\"><span class=\"vc_empty_space_inner\"><\/span><\/div><\/div><\/div><\/div><\/div><\/div><\/div><div data-vc-full-width=\"true\" data-vc-full-width-temp=\"true\" data-vc-full-width-init=\"false\" class=\"vc_row wpb_row row top-row wpb_custom_034b39d9bc6c6b310d69e39f0ccf274f\"><div class=\"vc_column_container col-md-12\"><div class=\"wpb_wrapper vc_column-inner\"><\/div><\/div><\/div><div class=\"vc_row-full-width vc_clearfix\"><\/div>\n<\/div>","protected":false},"excerpt":{"rendered":"Seminaro apra\u0161ymas Vidaus auditori\u0173 kvalifikacini\u0173 mokym\u0173 metu kalbame apie \u012fvairius organizacij\u0173 valdymo modelius: hierarchin\u012f, funkcin\u012f, horizontal\u0173, matricin\u012f, procesin\u012f ir kitus. Aptarkime dar vien\u0105 model\u012f \u2013\u00a0saviorganizacij\u0105, kur gr\u012f\u017etama \u012f suaugusi\u0173 \u017emoni\u0173 santykius tarp darbuotoj\u0173 ir vadov\u0173, apie i\u0161 toki\u0173 santyki\u0173 i\u0161augan\u010dias stabilias ir tvarias organizacijas. Daugiau:\u00a0https:\/\/baskumetodas.lt Prane\u0161\u0117ja:\u00a0Lina \u0160leinotaite-Kal\u0117d\u0117,\u00a0Gyv\u0173 organizacij\u0173 ir sistem\u0173 fasilitator\u0117 | Tvaraus ir regeneratyvaus [...]","protected":false},"author":8,"featured_media":12423,"comment_status":"closed","ping_status":"closed","template":"","tags":[],"mec_category":[252,209],"class_list":["post-12421","mec-events","type-mec-events","status-publish","has-post-thumbnail","hentry","mec_category-seminaras","mec_category-tarptautines-praktikos"],"_links":{"self":[{"href":"https:\/\/vaa.lt\/en\/wp-json\/wp\/v2\/mec-events\/12421","targetHints":{"allow":["GET"]}}],"collection":[{"href":"https:\/\/vaa.lt\/en\/wp-json\/wp\/v2\/mec-events"}],"about":[{"href":"https:\/\/vaa.lt\/en\/wp-json\/wp\/v2\/types\/mec-events"}],"author":[{"embeddable":true,"href":"https:\/\/vaa.lt\/en\/wp-json\/wp\/v2\/users\/8"}],"replies":[{"embeddable":true,"href":"https:\/\/vaa.lt\/en\/wp-json\/wp\/v2\/comments?post=12421"}],"wp:featuredmedia":[{"embeddable":true,"href":"https:\/\/vaa.lt\/en\/wp-json\/wp\/v2\/media\/12423"}],"wp:attachment":[{"href":"https:\/\/vaa.lt\/en\/wp-json\/wp\/v2\/media?parent=12421"}],"wp:term":[{"taxonomy":"post_tag","embeddable":true,"href":"https:\/\/vaa.lt\/en\/wp-json\/wp\/v2\/tags?post=12421"},{"taxonomy":"mec_category","embeddable":true,"href":"https:\/\/vaa.lt\/en\/wp-json\/wp\/v2\/mec_category?post=12421"}],"curies":[{"name":"wp","href":"https:\/\/api.w.org\/{rel}","templated":true}]}}

<div class="wpb-content-wrapper"><div class="vc_row wpb_row row top-row wpb_custom_034b39d9bc6c6b310d69e39f0ccf274f"><div class="vc_column_container col-md-12"><div class="wpb_wrapper vc_column-inner">
	<div class="wpb_text_column wpb_content_element wpb_custom_7c91d232724f73626cc933bd95b25ff0" >
		<div class="wpb_wrapper">
			<p style="text-align: justify;"><span style="color: #333333; font-size: 17px;"><strong>Seminaro aprašymas</strong></span></p>
<p style="text-align: justify;"><span style="font-size: 17px;">Vidaus auditorių kvalifikacinių mokymų metu kalbame apie įvairius organizacijų valdymo modelius: hierarchinį, funkcinį, horizontalų, matricinį, procesinį ir kitus. Aptarkime dar vieną modelį – saviorganizaciją, kur grįžtama į suaugusių žmonių santykius tarp darbuotojų ir vadovų, apie iš tokių santykių išaugančias stabilias ir tvarias organizacijas. Daugiau: <a href="https://baskumetodas.lt/" target="_blank" rel="noopener noreferrer">https://baskumetodas.lt</a></span></p>
<p style="text-align: justify;"><span style="font-size: 17px;"><strong>Pranešėja</strong>: <em><strong>Lina Šleinotaite-Kalėdė</strong></em>, Gyvų organizacijų ir sistemų fasilitatorė | Tvaraus ir regeneratyvaus verslo praktikė</span></p>
<p style="text-align: justify;"><span style="font-size: 17px;"><strong>Data</strong>: 2023 m. balandžio 28 d.</span></p>
<p style="text-align: justify;"><span style="font-size: 17px;"><strong>Laikas</strong>: 15-16 val. (1 val.)</span></p>
<p style="text-align: justify;"><span style="font-size: 17px;"><strong>Vieta</strong>: Zoom platforma</span></p>
<p style="text-align: justify;"><span style="font-size: 17px;"><strong>CPE</strong>: už dalyvavimą visame renginyje suteikima 1 CPE</span></p>
<p style="text-align: justify;"><span style="font-size: 17px;"><em><strong>Dalyvavimas nemokamas VAA nariams (užpildykite registracijos anketą), o ne nariams taikomas 20 Eur administracinių išlaidų mokestis (bilietai žemiau).</strong></em></span></p>
<p style="text-align: justify;"><span style="font-size: 17px;">Kilus organizaciniams klausimams, rašykite <a href="mailto:administravimas@" rel="noreferrer">administravimas@</a></span></p>

		</div>
	</div>
<div class="vc_row wpb_row vc_inner row"><div class="vc_column_container col-md-12"><div class="wpb_wrapper vc_column-inner"><div class="vc_empty_space"   style="height: 0px"><span class="vc_empty_space_inner"></span></div></div></div></div></div></div></div><div data-vc-full-width="true" data-vc-full-width-temp="true" data-vc-full-width-init="false" class="vc_row wpb_row row top-row wpb_custom_034b39d9bc6c6b310d69e39f0ccf274f"><div class="vc_column_container col-md-12"><div class="wpb_wrapper vc_column-inner"></div></div></div><div class="vc_row-full-width vc_clearfix"></div>
</div>

Seminaro aprašymas Vidaus auditorių kvalifikacinių mokymų metu kalbame apie įvairius organizacijų valdymo modelius: hierarchinį, funkcinį, horizontalų, matricinį, procesinį ir kitus. Aptarkime dar vieną modelį – saviorganizaciją, kur grįžtama į suaugusių žmonių santykius tarp darbuotojų ir vadovų, apie iš tokių santykių išaugančias stabilias ir tvarias organizacijas. Daugiau: https://baskumetodas.lt Pranešėja: Lina Šleinotaite-Kalėdė, Gyvų organizacijų ir sistemų fasilitatorė | Tvaraus ir regeneratyvaus [...]
